et h be (144/(-192))/((-6)/3992). Let q = -367 + h. What is the greatest common divisor of q and 330?
66
Let n(k) = 111*k - 1171. Let y be n(11). What is the highest common factor of y and 1225?
25
Suppose 0 = -4*l - 2*n + 414, 3*l + 72*n - 70*n = 310. What is the greatest common factor of 936 and l?
104
Let t = -69 - -140. Let o = 34 + t. Let s(q) = -3*q**3 - 76*q**2 - 28*q - 60. Let j be s(-25). What is the highest common divisor of o and j?
15
Let k(g) = 2*g**3 + g**2 - g. Let l be k(1). Suppose -13*p = -l*m - 18*p - 7, -3*m + 27 = -5*p. Calculate the highest common factor of m and 76.
4
Let b = 3050 - 3038. Let d(u) = -u - 5. Let t be d(6). Let g(q) = -4*q - 2. Let o be g(t). What is the greatest common factor of o and b?
6
Let p(r) = 413*r**2 + 157*r - 1323. Let b be p(7). What is the highest common divisor of b and 21?
21
Let b(s) = 11*s + 132. Let y be b(-12). Suppose y = 7*u - 6*u + 4*w - 18, 3*w - 124 = -5*u. Calculate the greatest common divisor of 754 and u.
26
Let v = -4149 - -6719. Calculate the highest common factor of 10 and v.
10
Let x = -460 + 463. Suppose 113 = 2*c - v - 262, -x*c + v + 564 = 0. Let k be 2/8 + 166/8. What is the highest common divisor of c and k?
21
Let f(l) = -l**3 + 6*l**2 + 12*l - 14. Suppose 12*k = 13*k - 7. Let n be f(k). What is the highest common divisor of 6 and n?
3
Suppose 0 = 3*m - 29 + 11. Suppose n = -5*j, 56 = -4*n + m*n - 4*j. Calculate the greatest common factor of n and 20.
20
Let t be (-24)/28*(-2800)/75. Let k = -42 - -79. Let f = 117 - k. Calculate the highest common factor of f and t.
16
Suppose 5*y = -4*r - 12 + 49, 0 = 5*r + 5*y - 45. Suppose 5*v = 8*v + 7*v. Suppose 5*t - 491 + 131 = v. Calculate the highest common factor of t and r.
8
Suppose 2*r - 4*r - 5*a = -22, 5*r + a = 32. Calculate the highest common factor of 1074 and r.
6
Let y = -2996 + 3020. What is the greatest common factor of y and 102?
6
Let y = 17354 + -17293. Calculate the greatest common factor of y and 15128.
61
Suppose 421*z + 5012 = 4*x + 416*z, x = -2*z + 1266. Calculate the highest common factor of x and 814.
74
Suppose 13*y - 16045 = -2291. What is the greatest common divisor of y and 92?
46
Let l = -6778 - -6970. Calculate the greatest common divisor of 2172 and l.
12
Suppose 0 = 4*j + 4*z - 288, 4*j + 90 = z + 398. Let u(d) = d**2 - 24*d + 114. Let r be u(19). Calculate the highest common factor of r and j.
19
Let j be 8 + 2 + 66 + -54. Let f(c) = 40*c**2 - 2*c - 2. Let o be f(2). What is the greatest common factor of o and j?
22
Suppose -165*q + 67437 = -95583. Calculate the greatest common factor of q and 78.
26
Suppose -90*z + 1459 = -431. What is the highest common factor of z and 159?
3
Let h = -76 - -100. Let x be (-6*(-9)/h)/((-8)/(-96)). What is the greatest common factor of 729 and x?
27
Let r(n) = -2*n**2 + 54*n + 5. Let b = -90 + 112. Let m be r(b). Calculate the highest common divisor of m and 25.
25
Suppose 6 = -24*c + 27*c. Suppose -4*z + 5*t + 125 = -c*z, -z = -t - 61. Suppose z = 4*j - 3*j. Calculate the highest common divisor of 12 and j.
12
Suppose 84*b - 878 = 6682. Suppose 50*z = b*z - 3120. Suppose 4*s = 2*s + 12. Calculate the highest common divisor of s and z.
6
Let s(z) = -8*z**3 + 2*z**2 - 24*z - 82. Let r be s(-3). Suppose -90 = r*j - 229*j. What is the greatest common factor of 162 and j?
18
Let s(m) = m**2 + 83*m - 2050. Let u be s(24). Let c = 23 - 16. What is the highest common factor of c and u?
7
Suppose 20*v + 3*s = 18*v + 26, 5*v - 44 = 3*s. Let a be 109 + 4/10*v/(-4). Calculate the greatest common factor of a and 3.
3
Suppose -4*l = -5*z + 87, -3*z + 70 = 3*l + 7. Calculate the greatest common factor of z and 323.
19
Suppose -99 = 143*o - 150*o + 83. Calculate the highest common factor of o and 195.
13
Suppose -162*l + 509*l - 66624 = 0. What is the greatest common divisor of l and 51456?
192
Let o = 23583 + -13439. What is the highest common divisor of o and 48?
16
Let i(c) = 17*c**2 + 75*c + 69. Let z be i(-7). Calculate the greatest common factor of z and 351.
13
Let w be 4/(-5 + 4) + -327. Let l = 579 + w. Suppose -i - 4 = -35. Calculate the highest common divisor of i and l.
31
Let w(f) = 2*f**2 - 56*f + 122. Let p be w(27). Calculate the greatest common divisor of p and 323.
17
Suppose 6*r + 9 = 51. Suppose r + 5 = 4*c. Let t be (-516)/(-21) - c/(-7). Calculate the greatest common divisor of t and 125.
25
Let p(l) = -l**3 + 5*l**2 + 7*l - 2. Let g be p(6). Suppose -42 = g*c - 4*u - 166, 3*u = 4*c - 123. Calculate the highest common divisor of 10 and c.
10
Suppose 0*d = 5*d + u - 980, -2*d + 380 = -2*u. Suppose -3*v - 3*i + 48 = -d, -4*i + 66 = v. Let l = -36 + v. Calculate the highest common divisor of 5 and l.
5
Suppose -600 = -61*h + 51*h. Calculate the greatest common factor of 2430 and h.
30
Suppose 5 = 2*b - 3. Let j(t) = -t**2 + 6730*t + 202918. Let y be j(-30). Calculate the highest common divisor of y and b.
2
Suppose -3*u - 4*y + 832 = 0, -2*y + 322 = 3*u - 502. What is the highest common factor of 1564 and u?
68
Let f(w) be the first derivative of w**4 - 2*w**3/3 + 7*w**2/2 - 8*w - 133. Let l be f(2). What is the highest common divisor of l and 240?
30
Suppose -2*i = 10, -139*i + 1260 = 5*y - 136*i. What is the highest common factor of 1037 and y?
17
Let v = 1362 - 811. Suppose 416 = 8*t + 264. What is the greatest common factor of v and t?
19
Let o(z) = z**3 - 20*z**2 + 85*z + 120. Let s be o(14). What is the greatest common factor of 8911 and s?
67
Suppose -n + 11*h - 8*h + 1318 = 0, 0 = 2*n - 5*h - 2633. What is the highest common divisor of n and 476?
119
Let m = -2767 + 4215. What is the highest common divisor of 16 and m?
8
Let h(m) = 6*m**2 + 130*m - 8. Let n be h(-22). What is the highest common factor of 1602 and n?
18
Suppose t = -x + 104, -5*x - 4*t + 218 = -3*x. Suppose -34*s + 27*s = -77. Calculate the highest common factor of x and s.
11
Suppose 3*r - 4*f = 19, -2*f + 14 = -2*r - 6*f. Let j be (r - 7)/(4/(-44)). Calculate the greatest common factor of 154 and j.
22
Let n be (-40)/(-10)*-1 + 340. Calculate the highest common divisor of 462 and n.
42
Let z = -158 + 168. Let v be (-765)/(-18) + (-5)/z. What is the highest common factor of v and 154?
14
Let u = 454 + -449. Let l be (-3 - u) + 2 - -20. What is the highest common factor of l and 350?
14
Let i be 56/16*10/7. Suppose i*g - 7*g - 8 = 0. Let b be 1*(-85)/(-15) - g/(-6). What is the greatest common factor of b and 10?
5
Suppose 0 = -2*f + 5*f - 306. Suppose 270 + 500 = 6*x - 760. What is the greatest common factor of x and f?
51
Let w be 50/8*(4 - 0). Suppose 3*b = 11*b - 1232. Suppose 5*a = -d + 3*a + 142, d - b = a. Calculate the greatest common factor of w and d.
25
Let g be 46/(-6)*-42 + 1. Calculate the highest common divisor of g and 779.
19
Let q be 0*5/(-10) - -2. Suppose -q*d - 13 = -19. Calculate the greatest common factor of d and 12.
3
Let g be 35 + -4 + (2 - 4). Let h be 4/(-10) + ((-258)/30)/1. Let b be (0 - h/2)/(16/928). Calculate the greatest common divisor of b and g.
29
Suppose 0 = -2*g - a + 5334, 3*g - 4*a - 5114 - 2920 = 0. Calculate the highest common divisor of g and 105.
15
Let h = 6933 - 6556. Calculate the greatest common divisor of 232 and h.
29
Let s be ((-108)/10)/(4/(240/(-9))). Let b = 172 - s. What is the greatest common divisor of b and 25?
25
Let n be ((-42)/(-35))/((-1)/(-260)). Let m = -299 + n. Calculate the greatest common divisor of 117 and m.
13
Let l = -85 + 93. Suppose -544 = -l*o - 9*o. Calculate the greatest common divisor of o and 20.
4
Suppose -4*g + 2*g + 2*j = -6, -g - 2*j = 6. Suppose g = -2*b + 5*r + 457, 2*r + 3*r = -15. Calculate the greatest common factor of 13 and b.
13
Let g(k) = 17*k**2 - 2*k - 46. Let v be g(-6). Suppose -4*j + 3*a = -v, a + 141 = j + 2*a. What is the greatest common factor of 39 and j?
13
Let h = 18580 + -9851. Calculate the highest common factor of h and 203.
203
Suppose -2*q = 3*q - 5. Let r = 1 + q. Let j(u) = -26*u + 160. Let h be j(6). Calculate the greatest common factor of r and h.
2
Let o = -1847 - -1948. Calculate the greatest common divisor of o and 4949.
101
Let y be (-72)/((-104)/10244*(-2)/(-6)*3). What is the greatest common divisor of 18 and y?
18
Let k be 18/15 + -1 + 42528/160. Calculate the g